{"id":254,"date":"2021-03-22T13:22:53","date_gmt":"2021-03-22T12:22:53","guid":{"rendered":"https:\/\/popis.gajniak.sk\/?page_id=254"},"modified":"2021-04-08T22:36:52","modified_gmt":"2021-04-08T20:36:52","slug":"tickets","status":"publish","type":"page","link":"https:\/\/popis.gajniak.sk\/?page_id=254","title":{"rendered":"TICKETS"},"content":{"rendered":"<h2>TICKETS<\/h2>\n<p>\t\t\t\t\t\t\t\t\t\t\t\t<a href=\"\">MAIN STAGE<\/a><\/p>\n<p>TEMA<\/p>\n<p>\t\t\t\t\t\t\t\t\t\t\t\t<a href=\"\">MAIN STAGE<\/a><\/p>\n<p>TEMA<\/p>\n<p>\t\t\t\t\t\t\t\t\t\t\t\t<a href=\"\">MAIN STAGE<\/a><\/p>\n<p>TEMA<\/p>\n<p>\t\t\t\t\t\t\t\t\t\t\t\t<a href=\"\">Akorde\u00f3n #2<\/a><br \/>\n\t\t\t\t\tLorem ipsum dolor sit amet, consectetur adipiscing elit. Ut elit tellus, luctus nec ullamcorper mattis, pulvinar dapibus leo.<\/p>\n<h3>\n\t\t\t\t\tminimize your documents<br \/>\n\t\t\t\t<\/h3>\n<p>Click edit button to change this text. Lorem ipsum dolor sit amet, consectetur adipiscing elit. Ut elit tellus luctus nec <\/p>\n<h3>\n\t\t\t\t\tfollow client payments<br \/>\n\t\t\t\t<\/h3>\n<p>Click edit button to change this text. Lorem ipsum dolor sit amet, consectetur adipiscing elit. Ut elit tellus luctus nec <\/p>\n<h3>\n\t\t\t\t\tsaved to the cloud<br \/>\n\t\t\t\t<\/h3>\n<p>Click edit button to change this text. Lorem ipsum dolor sit amet, consectetur adipiscing elit. Ut elit tellus luctus nec <\/p>\n<h3>\n\t\t\t\t\tautomate repeating tasks<br \/>\n\t\t\t\t<\/h3>\n<p>Click edit button to change this text. Lorem ipsum dolor sit amet, consectetur adipiscing elit. Ut elit tellus luctus nec <\/p>\n<h3>Choose the perfect plan<\/h3>\n<p>\t\tI am text block. Click edit button to change this text. Lorem ipsum dolor sit amet, consectetur adipiscing elit. Ut elit tellus, luctus nec ullamcorper mattis, pulvinar dapibus leo.\t\t<\/p>\n<h2>$19<\/h2>\n<h2>Per month<\/h2>\n<ul>\n<li>\n\t\t\t\t\t\t\t\t\t\t5GB Storage\n\t\t\t\t\t\t\t\t\t<\/li>\n<li>\n\t\t\t\t\t\t\t\t\t\t500 Users\n\t\t\t\t\t\t\t\t\t<\/li>\n<li>\n\t\t\t\t\t\t\t\t\t\t15 Domains\n\t\t\t\t\t\t\t\t\t<\/li>\n<li>\n\t\t\t\t\t\t\t\t\t\t1 Year Support\n\t\t\t\t\t\t\t\t\t<\/li>\n<\/ul>\n<p>\t\t\t<a href=\"#\" role=\"button\"><br \/>\n\t\t\t\t\t\tGet Started<br \/>\n\t\t\t\t\t<\/a><\/p>\n<h2>$49<\/h2>\n<h2>Per month<\/h2>\n<ul>\n<li>\n\t\t\t\t\t\t\t\t\t\t10GB Storage\n\t\t\t\t\t\t\t\t\t<\/li>\n<li>\n\t\t\t\t\t\t\t\t\t\tUnlimited Users\n\t\t\t\t\t\t\t\t\t<\/li>\n<li>\n\t\t\t\t\t\t\t\t\t\t20 Domains\n\t\t\t\t\t\t\t\t\t<\/li>\n<li>\n\t\t\t\t\t\t\t\t\t\tLifetime Support\n\t\t\t\t\t\t\t\t\t<\/li>\n<\/ul>\n<p>\t\t\t<a href=\"#\" role=\"button\"><br \/>\n\t\t\t\t\t\tGet Started<br \/>\n\t\t\t\t\t<\/a><\/p>\n<h2>$99<\/h2>\n<h2>Per month<\/h2>\n<ul>\n<li>\n\t\t\t\t\t\t\t\t\t\t100GB Storage\n\t\t\t\t\t\t\t\t\t<\/li>\n<li>\n\t\t\t\t\t\t\t\t\t\tUnlimited Users\n\t\t\t\t\t\t\t\t\t<\/li>\n<li>\n\t\t\t\t\t\t\t\t\t\t50 Domains\n\t\t\t\t\t\t\t\t\t<\/li>\n<li>\n\t\t\t\t\t\t\t\t\t\tLifetime Support\n\t\t\t\t\t\t\t\t\t<\/li>\n<\/ul>\n<p>\t\t\t<a href=\"#\" role=\"button\"><br \/>\n\t\t\t\t\t\tGet Started<br \/>\n\t\t\t\t\t<\/a><\/p>\n<h3>Frequently asked questions<\/h3>\n<p>\t\t\t\t\t\t\t\t\t\t\t\t<a href=\"\">What is Workflow Optimization?<\/a><br \/>\n\t\t\t\t\tLorem ipsum dolor sit amet, adhuc labores honestatis pro ne. Pri tantas epicuri inciderint te, nibh efficiendi disputationi ex pri. At facer theophrastus eum, has nulla bonorum vituperata at. Eos utroque consequuntur an, case solum his ei.<br \/>\n\t\t\t\t\t\t\t\t\t\t\t\t<a href=\"\">How much is your app?<\/a><br \/>\n\t\t\t\t\tLorem ipsum dolor sit amet, adhuc labores honestatis pro ne. Pri tantas epicuri inciderint te, nibh efficiendi disputationi ex pri. At facer theophrastus eum, has nulla bonorum vituperata at. Eos utroque consequuntur an, case solum his ei.<br \/>\n\t\t\t\t\t\t\t\t\t\t\t\t<a href=\"\">Can anyone use the app?<\/a><br \/>\n\t\t\t\t\tLorem ipsum dolor sit amet, adhuc labores honestatis pro ne. Pri tantas epicuri inciderint te, nibh efficiendi disputationi ex pri. At facer theophrastus eum, has nulla bonorum vituperata at. Eos utroque consequuntur an, case solum his ei.<br \/>\n\t\t\t\t\t\t\t\t\t\t\t\t<a href=\"\">How did the idea come about?<\/a><br \/>\n\t\t\t\t\tLorem ipsum dolor sit amet, adhuc labores honestatis pro ne. Pri tantas epicuri inciderint te, nibh efficiendi disputationi ex pri. At facer theophrastus eum, has nulla bonorum vituperata at. Eos utroque consequuntur an, case solum his ei.<br \/>\n\t\t\t\t\t\t\t\t\t\t\t\t<a href=\"\">Are you hiring?<\/a><br \/>\n\t\t\t\t\tLorem ipsum dolor sit amet, adhuc labores honestatis pro ne. Pri tantas epicuri inciderint te, nibh efficiendi disputationi ex pri. At facer theophrastus eum, has nulla bonorum vituperata at. Eos utroque consequuntur an, case solum his ei.<\/p>\n<p>Workflow Optimization is a cross platform message optimization app for all devices. <a href=\"#\">Contact Us<\/a><\/p>\n<h3>Our clients say<\/h3>\n<p>\t\t\t\t\t\t\t&#8222;Click edit button to change this text. Lorem ipsum dolor sit amet, consectetur adipiscing elit. Ut elit tellus, luctus nec ullamcorper mattis, pulvinar dapibus leo&#8220;<br \/>\n\t\t\t\t\t\t\t<img width=\"268\" height=\"275\" src=\"https:\/\/popis.gajniak.sk\/wp-content\/uploads\/2021\/04\/team_3.jpg\" alt=\"\" srcset=\"https:\/\/popis.gajniak.sk\/wp-content\/uploads\/2021\/04\/team_3.jpg 268w, https:\/\/popis.gajniak.sk\/wp-content\/uploads\/2021\/04\/team_3-24x24.jpg 24w, https:\/\/popis.gajniak.sk\/wp-content\/uploads\/2021\/04\/team_3-36x36.jpg 36w, https:\/\/popis.gajniak.sk\/wp-content\/uploads\/2021\/04\/team_3-48x48.jpg 48w\" sizes=\"(max-width: 268px) 100vw, 268px\" \/><br \/>\n\t\t\t\t\t\t\t\t\t\t\t\t\t\tHilary Leigh<br \/>\n\t\t\t\t\t\t\t\t\t\t\t\t\t\t\t\t\t\t\t\t\t\tDeveloper<br \/>\n\t\t\t\t\t\t\t&#8222;Click edit button to change this text. Lorem ipsum dolor sit amet, consectetur adipiscing elit. Ut elit tellus, luctus nec ullamcorper mattis, pulvinar dapibus leo&#8220;<br \/>\n\t\t\t\t\t\t\t<img width=\"291\" height=\"291\" src=\"https:\/\/popis.gajniak.sk\/wp-content\/uploads\/2021\/04\/25388788904_72d2f5ec6f_z.jpg\" alt=\"\" srcset=\"https:\/\/popis.gajniak.sk\/wp-content\/uploads\/2021\/04\/25388788904_72d2f5ec6f_z.jpg 291w, https:\/\/popis.gajniak.sk\/wp-content\/uploads\/2021\/04\/25388788904_72d2f5ec6f_z-150x150.jpg 150w, https:\/\/popis.gajniak.sk\/wp-content\/uploads\/2021\/04\/25388788904_72d2f5ec6f_z-24x24.jpg 24w, https:\/\/popis.gajniak.sk\/wp-content\/uploads\/2021\/04\/25388788904_72d2f5ec6f_z-36x36.jpg 36w, https:\/\/popis.gajniak.sk\/wp-content\/uploads\/2021\/04\/25388788904_72d2f5ec6f_z-48x48.jpg 48w\" sizes=\"(max-width: 291px) 100vw, 291px\" \/><br \/>\n\t\t\t\t\t\t\t\t\t\t\t\t\t\tHall Read<br \/>\n\t\t\t\t\t\t\t\t\t\t\t\t\t\t\t\t\t\t\t\t\t\tDesigner<br \/>\n\t\t\t\t\t\t\t&#8222;Click edit button to change this text. Lorem ipsum dolor sit amet, consectetur adipiscing elit. Ut elit tellus, luctus nec ullamcorper mattis, pulvinar dapibus leo&#8220;<br \/>\n\t\t\t\t\t\t\t<img width=\"268\" height=\"275\" src=\"https:\/\/popis.gajniak.sk\/wp-content\/uploads\/2021\/04\/team_4.jpg\" alt=\"\" srcset=\"https:\/\/popis.gajniak.sk\/wp-content\/uploads\/2021\/04\/team_4.jpg 268w, https:\/\/popis.gajniak.sk\/wp-content\/uploads\/2021\/04\/team_4-24x24.jpg 24w, https:\/\/popis.gajniak.sk\/wp-content\/uploads\/2021\/04\/team_4-36x36.jpg 36w, https:\/\/popis.gajniak.sk\/wp-content\/uploads\/2021\/04\/team_4-48x48.jpg 48w\" sizes=\"(max-width: 268px) 100vw, 268px\" \/><br \/>\n\t\t\t\t\t\t\t\t\t\t\t\t\t\tQuintin Angus<br \/>\n\t\t\t\t\t\t\t\t\t\t\t\t\t\t\t\t\t\t\t\t\t\tDesigner<br \/>\n\t\t\t\t\t\t\t&#8222;Click edit button to change this text. Lorem ipsum dolor sit amet, consectetur adipiscing elit. Ut elit tellus, luctus nec ullamcorper mattis, pulvinar dapibus leo&#8220;<br \/>\n\t\t\t\t\t\t\t<img width=\"269\" height=\"275\" src=\"https:\/\/popis.gajniak.sk\/wp-content\/uploads\/2021\/04\/team_2.jpg\" alt=\"\" srcset=\"https:\/\/popis.gajniak.sk\/wp-content\/uploads\/2021\/04\/team_2.jpg 269w, https:\/\/popis.gajniak.sk\/wp-content\/uploads\/2021\/04\/team_2-24x24.jpg 24w, https:\/\/popis.gajniak.sk\/wp-content\/uploads\/2021\/04\/team_2-36x36.jpg 36w, https:\/\/popis.gajniak.sk\/wp-content\/uploads\/2021\/04\/team_2-48x48.jpg 48w\" sizes=\"(max-width: 269px) 100vw, 269px\" \/><br \/>\n\t\t\t\t\t\t\t\t\t\t\t\t\t\tJillie Tempest<br \/>\n\t\t\t\t\t\t\t\t\t\t\t\t\t\t\t\t\t\t\t\t\t\tDeveloper<\/p>\n","protected":false},"excerpt":{"rendered":"<p>TICKETS MAIN STAGE TEMA MAIN STAGE TEMA MAIN STAGE TEMA Akorde\u00f3n #2 Lorem ipsum dolor sit amet, consectetur adipiscing elit. Ut elit tellus, luctus nec ullamcorper mattis, pulvinar dapibus leo. minimize your documents Click edit button to change this text. Lorem ipsum dolor sit amet, consectetur adipiscing elit. Ut elit tellus luctus nec follow client [&hellip;]<\/p>\n","protected":false},"author":1,"featured_media":0,"parent":158,"menu_order":1,"comment_status":"closed","ping_status":"closed","template":"elementor_header_footer","meta":{"_monsterinsights_skip_tracking":false,"_monsterinsights_sitenote_active":false,"_monsterinsights_sitenote_note":"","_monsterinsights_sitenote_category":0},"yoast_head":"<!-- This site is optimized with the Yoast SEO plugin v15.7 - https:\/\/yoast.com\/wordpress\/plugins\/seo\/ -->\n<title>TICKETS - WOF<\/title>\n<meta name=\"robots\" content=\"index, follow, max-snippet:-1, max-image-preview:large, max-video-preview:-1\" \/>\n<link rel=\"canonical\" href=\"https:\/\/popis.gajniak.sk\/?page_id=254\" \/>\n<meta property=\"og:locale\" content=\"sk_SK\" \/>\n<meta property=\"og:type\" content=\"article\" \/>\n<meta property=\"og:title\" content=\"TICKETS - WOF\" \/>\n<meta property=\"og:description\" content=\"TICKETS MAIN STAGE TEMA MAIN STAGE TEMA MAIN STAGE TEMA Akorde\u00f3n #2 Lorem ipsum dolor sit amet, consectetur adipiscing elit. Ut elit tellus, luctus nec ullamcorper mattis, pulvinar dapibus leo. minimize your documents Click edit button to change this text. Lorem ipsum dolor sit amet, consectetur adipiscing elit. Ut elit tellus luctus nec follow client [&hellip;]\" \/>\n<meta property=\"og:url\" content=\"https:\/\/popis.gajniak.sk\/?page_id=254\" \/>\n<meta property=\"og:site_name\" content=\"WOF\" \/>\n<meta property=\"article:modified_time\" content=\"2021-04-08T20:36:52+00:00\" \/>\n<meta property=\"og:image\" content=\"https:\/\/popis.gajniak.sk\/wp-content\/uploads\/2021\/04\/team_3.jpg\" \/>\n<meta name=\"twitter:card\" content=\"summary_large_image\" \/>\n<meta name=\"twitter:label1\" content=\"Predpokladan\u00fd \u010das \u010d\u00edtania\">\n\t<meta name=\"twitter:data1\" content=\"4 min\u00faty\">\n<script type=\"application\/ld+json\" class=\"yoast-schema-graph\">{\"@context\":\"https:\/\/schema.org\",\"@graph\":[{\"@type\":\"WebSite\",\"@id\":\"https:\/\/popis.gajniak.sk\/#website\",\"url\":\"https:\/\/popis.gajniak.sk\/\",\"name\":\"WOF\",\"description\":\"\",\"potentialAction\":[{\"@type\":\"SearchAction\",\"target\":\"https:\/\/popis.gajniak.sk\/?s={search_term_string}\",\"query-input\":\"required name=search_term_string\"}],\"inLanguage\":\"sk-SK\"},{\"@type\":\"ImageObject\",\"@id\":\"https:\/\/popis.gajniak.sk\/?page_id=254#primaryimage\",\"inLanguage\":\"sk-SK\",\"url\":\"https:\/\/popis.gajniak.sk\/wp-content\/uploads\/2021\/04\/team_3.jpg\",\"width\":268,\"height\":275},{\"@type\":\"WebPage\",\"@id\":\"https:\/\/popis.gajniak.sk\/?page_id=254#webpage\",\"url\":\"https:\/\/popis.gajniak.sk\/?page_id=254\",\"name\":\"TICKETS - WOF\",\"isPartOf\":{\"@id\":\"https:\/\/popis.gajniak.sk\/#website\"},\"primaryImageOfPage\":{\"@id\":\"https:\/\/popis.gajniak.sk\/?page_id=254#primaryimage\"},\"datePublished\":\"2021-03-22T12:22:53+00:00\",\"dateModified\":\"2021-04-08T20:36:52+00:00\",\"inLanguage\":\"sk-SK\",\"potentialAction\":[{\"@type\":\"ReadAction\",\"target\":[\"https:\/\/popis.gajniak.sk\/?page_id=254\"]}]}]}<\/script>\n<!-- \/ Yoast SEO plugin. -->","_links":{"self":[{"href":"https:\/\/popis.gajniak.sk\/index.php?rest_route=\/wp\/v2\/pages\/254"}],"collection":[{"href":"https:\/\/popis.gajniak.sk\/index.php?rest_route=\/wp\/v2\/pages"}],"about":[{"href":"https:\/\/popis.gajniak.sk\/index.php?rest_route=\/wp\/v2\/types\/page"}],"author":[{"embeddable":true,"href":"https:\/\/popis.gajniak.sk\/index.php?rest_route=\/wp\/v2\/users\/1"}],"replies":[{"embeddable":true,"href":"https:\/\/popis.gajniak.sk\/index.php?rest_route=%2Fwp%2Fv2%2Fcomments&post=254"}],"version-history":[{"count":7,"href":"https:\/\/popis.gajniak.sk\/index.php?rest_route=\/wp\/v2\/pages\/254\/revisions"}],"predecessor-version":[{"id":535,"href":"https:\/\/popis.gajniak.sk\/index.php?rest_route=\/wp\/v2\/pages\/254\/revisions\/535"}],"up":[{"embeddable":true,"href":"https:\/\/popis.gajniak.sk\/index.php?rest_route=\/wp\/v2\/pages\/158"}],"wp:attachment":[{"href":"https:\/\/popis.gajniak.sk\/index.php?rest_route=%2Fwp%2Fv2%2Fmedia&parent=254"}],"curies":[{"name":"wp","href":"https:\/\/api.w.org\/{rel}","templated":true}]}}